 = -130. Let b = -30 + z. Calculate the greatest common factor of r and b.
3
Let r(z) = -z**2 - 20*z - 30. Let q be r(-15). Let a be 39/13 - q/(-1). Calculate the greatest common factor of 12 and a.
12
Let j = -52 + 52. Suppose -d + 4*d - 4*h - 117 = j, -2*d + 3*h = -78. Calculate the greatest common factor of 3 and d.
3
Let b be (-108)/(-21) + 1/14*-2. What is the highest common divisor of b and 1?
1
Let b(o) = 7*o - 9. Let p be b(10). Let c = -56 + p. What is the highest common divisor of 40 and c?
5
Suppose 68*p - 12285 = 23*p. What is the highest common divisor of 117 and p?
39
Let c(j) = 6*j + 18. Let z be c(3). Let s be 65/7 + 4/(-14). What is the highest common factor of s and z?
9
Let u be ((-126)/14 + 15)/(3/12). What is the greatest common divisor of u and 21?
3
Let y(u) = -u**2 - 3*u + 4. Let r be y(-4). Let m be (-72)/(r - 3/2). Suppose -5*i - 13 = -93. Calculate the highest common factor of m and i.
16
Let g(n) = 87*n**3 + n**2 + n - 1. Let d be g(1). Let o be (-176)/120*3*(-5)/2. Calculate the greatest common divisor of o and d.
11
Let c = 955 - 298. Calculate the highest common factor of 27 and c.
9
Suppose 0 = -0*r + 2*r - 6. Suppose -j + 3*c = -10, -4*c - c + 86 = r*j. Calculate the highest common divisor of j and 88.
22
Suppose 39*h = 59*h - 60. What is the highest common divisor of 27 and h?
3
Let z(c) = 6*c + 271. Let q be z(-36). What is the highest common divisor of 22 and q?
11
Suppose 5*k = -28 + 153. Calculate the highest common divisor of k and 50.
25
Let t(g) = g + 34. Let j be t(-23). What is the highest common factor of j and 33?
11
Let q be -15 + -68 + 249 + (0 - 8*-1). Suppose -v = v - 4. Suppose 3*s = -4*o + 128, 5*o + 4*s = v*o + 103. Calculate the greatest common divisor of q and o.
29
Let x(j) = -j**2 + 24*j + 55. Let o be x(25). Suppose 2*r - 11 = 13. What is the greatest common divisor of r and o?
6
Let d(x) = -272*x - 213. Let a be d(-4). What is the greatest common divisor of a and 35?
35
Suppose k + 1 = a - 3, -4*k + 32 = 4*a. Let m be (-6)/(-14) - (6 - 501/7). What is the highest common divisor of a and m?
6
Suppose -5 + 37 = 2*l. Suppose 0 = 5*j - 2*j + 51. Let u = j + 41. Calculate the greatest common factor of u and l.
8
Let z = 23 + -33. Let i = z - -6. Let l be ((-7)/2 - -3)*i. Calculate the greatest common divisor of l and 14.
2
Let n be (-344)/(-28) - (-6)/(-21). Let i be 8/n*198/2. Let q be (-534)/(-24) - (-2 + 9/4). What is the greatest common divisor of q and i?
22
Let h(f) = 6*f - 3. Let x be h(13). Suppose 4*k - x = 957. Suppose -462 = -5*q + k. What is the greatest common factor of q and 16?
16
Let m = 952 - 507. What is the greatest common divisor of m and 267?
89
Suppose 0*r + 5*r = -115. Let d be 22/8 + 5/20. Let m be (-2 - d)*r/5. Calculate the greatest common factor of 23 and m.
23
Let q(c) = 8*c + 198. Let o be q(-10). Calculate the highest common factor of o and 295.
59
Suppose 7*z = 583 - 422. What is the highest common divisor of 1058 and z?
23
Let t be (28 - -9) + 6/2. Suppose 0 = 39*a - 35*a - t. What is the highest common divisor of 2 and a?
2
Suppose -5*g - 19 = 2*n, -3*n - 2*g = n - 2. Let v be n*(-2)/(-6) - -15. Calculate the highest common divisor of 128 and v.
16
Let i(y) = -7*y**2 - 15*y - 4. Let l(m) = -8*m**2 - 14*m - 4. Let n(h) = -4*i(h) + 3*l(h). Let b be n(-5). Calculate the greatest common factor of b and 2.
2
Let a(v) = v**3 - 15*v**2 - 31*v - 21. Let n be a(17). Calculate the highest common factor of 210 and n.
30
Let m(o) = o**2 + 30*o + 185. Let k be m(-26). Calculate the greatest common divisor of k and 3.
3
Suppose -2*z + 88 = -0*z. Suppose -5*w + z = -76. Let r be 2 - 2 - 240/(-2). What is the greatest common factor of r and w?
24
Suppose -73*t + 190 = -71*t. Let n(i) = i - 1. Let l be n(3). Suppose -58 - 18 = -l*m. Calculate the highest common divisor of t and m.
19
Let z = 14 + -10. Let o be (-35)/(-2) + 2/z. Let h = 6 + -4. Calculate the greatest common divisor of o and h.
2
Let f = 556 - 519. Calculate the greatest common factor of 518 and f.
37
Let b = 22 - 10. Let x(l) = l**3 - 13*l**2 + 10*l + 8. Let y be x(b). Let i = -13 - y. Calculate the highest common factor of i and 9.
3
Suppose 5*o - 6 - 14 = 0. Suppose -o*y - y - v + 88 = 0, 4*y = -v + 71. Let p be (119/(-21))/((-1)/6). Calculate the greatest common factor of y and p.
17
Let c = 424 + -392. Suppose -4*o - 4 = -0*i + i, 4*o + 52 = 2*i. Calculate the highest common factor of i and c.
16
Suppose 16 = 5*b + 1, -w = -2*b. Let n be 0/((-6)/(-9)*3). Suppose -w*x + 403 - 139 = n. What is the greatest common factor of 110 and x?
22
Let s = -100 - -115. Let k be s/(-120) + 130/16. What is the highest common factor of 24 and k?
8
Suppose -100 = -8*x + 3*x. Let j be x/(-35) - 8108/(-28). What is the greatest common factor of 17 and j?
17
Let h be (-7 + 4 - -12)*(-6)/(-9). Calculate the greatest common factor of h and 4.
2
Let k be -2*((-33)/(-6) - -3). Let j = k - -25. Calculate the greatest common factor of 20 and j.
4
Let c be -3 - (-3)/(3/10). Suppose 0 = 5*d - 37 + c. Suppose -75 = q - d*q. Calculate the greatest common factor of q and 120.
15
Let q(t) = 5*t + 60. Let w be q(5). Calculate the greatest common factor of w and 221.
17
Let q = -196 - -222. Calculate the highest common factor of 104 and q.
26
Let b be 2*1/4 - (-3)/(-6). Suppose b = 9*f - 393 + 78. Let t = -10 + 15. Calculate the highest common divisor of t and f.
5
Let t = 104 + -54. Suppose 0 = -4*l - 22 + t. Calculate the greatest common factor of l and 14.
7
Let i = 535 + -364. Calculate the highest common divisor of i and 9.
9
Suppose 10*k + 4*q - 32 = 9*k, 2*q = 8. What is the greatest common divisor of k and 9?
1
Let p = -1170 - -1200. What is the highest common factor of p and 690?
30
Let o be (18 - -2)*(-2 + (-33)/(-12)). Let m(k) = -k**3 - 7*k**2 - 2*k - 5. Let l be m(-8). Calculate the greatest common divisor of l and o.
15
Let v be 38*(-4)/4*(2 + -1). Let n = v - -83. What is the highest common divisor of n and 60?
15
Let b(t) = 5*t - 17. Let y be b(5). Let o = -8 - -17. Let v = o - -55. Calculate the greatest common factor of v and y.
8
Let s = 490 + -481. Calculate the highest common divisor of s and 21.
3
Let a(g) = 3*g - 14. Let m be a(6). Suppose -2*d = -17 - 3. What is the greatest common divisor of m and d?
2
Suppose 22 = 3*r - 50. Suppose -k = 4*h, 17 = k + h + 5. Calculate the highest common divisor of k and r.
8
Let l = 53 + -29. Let y = l + -11. What is the highest common factor of y and 143?
13
Let k = 56 + 91. What is the greatest common factor of 21 and k?
21
Let j be 2/3*27/(-18). Let i be (-2 + (-206)/1)*j. Calculate the greatest common divisor of i and 26.
26
Let r be 1/((-4)/(-696)*2). Suppose r = 2*v + 27. What is the greatest common divisor of 15 and v?
15
Let x = 2180 - 2166. What is the greatest common factor of x and 1743?
7
Suppose -4*z = -5*s - 7, 0 = -5*z - 3 - 7. Let q be (s/6)/((-2)/144). Let y = 3 + 1. What is the highest common factor of y and q?
4
Suppose -8*j = -7*j - 3. Suppose 3*z - d = 110, 0 = -4*z - j*d + d + 140. Calculate the greatest common factor of z and 9.
9
Let s be 4 + 3 + -2 - 0. Let w(i) = -5*i + 1 + s*i - 2*i - 16. Let p be w(-11). What is the greatest common divisor of 49 and p?
7
Suppose 4*r + 3 = 59. Let d be ((-15)/25*1*-35)/1. What is the highest common factor of d and r?
7
Suppose -3*x + 1358 = z - 3*z, -5*x = 3*z - 2238. Calculate the highest common factor of 15 and x.
15
Let f = 3 - -49. Suppose -z - 2*z - 75 = -2*n, 4*z - 3*n + 100 = 0. Let a = z + f. Calculate the highest common divisor of 27 and a.
27
Let c be 10*(-13)/780 + (-13)/(-6). What is the greatest common factor of c and 19?
1
Suppose 5*v = -2*n + 2, -2*n + 0*n = -v - 14. Suppose 9*j - n*j - 378 = 0. Let g = 33 + -15. What is the greatest common divisor of j and g?
18
Let h be (-1 - 0) + (-2 - (-318)/3). Suppose -6*t - 7 = -h. Calculate the highest common factor of 64 and t.
16
Suppose 3*f - 6*f - 3 = 0. Let p = f + 15. Let n = 82 - p. Calculate the highest common factor of 17 and n.
17
Let j = 33 + -4. Let t = -50 + 13. Let m = t + 124. Calculate the highest common divisor of j and m.
29
Let c(i) = i**2 - 5*i - 8. Let s be c(7). Let x(z) = -z**2 + 43*z + 6. Let p be x(42). What is the greatest common diviso